is divided by 354718?
82
Calculate the remainder when 323389872 is divided by 3799.
3796
What is the remainder when 1308100 is divided by 1970?
20
What is the remainder when 89869320 is divided by 23?
17
What is the remainder when 362885 is divided by 8409?
1298
Calculate the remainder when 527744 is divided by 131925.
44
Calculate the remainder when 45089043 is divided by 187.
164
What is the remainder when 108314 is divided by 481?
89
Calculate the remainder when 409767 is divided by 102430.
47
What is the remainder when 8545643 is divided by 469?
463
What is the remainder when 282019 is divided by 139446?
3127
Calculate the remainder when 140399 is divided by 70169.
61
What is the remainder when 992727 is divided by 12409?
7
What is the remainder when 38837 is divided by 896?
309
What is the remainder when 8246754 is divided by 161?
12
Calculate the remainder when 5854790 is divided by 560.
550
Calculate the remainder when 75147116 is divided by 10.
6
Calculate the remainder when 14179434 is divided by 945293.
39
What is the remainder when 1228183 is divided by 1664?
151
What is the remainder when 1401044 is divided by 93?
92
What is the remainder when 4681855 is divided by 246413?
8
Calculate the remainder when 442244 is divided by 3050.
3044
What is the remainder when 356899 is divided by 89026?
795
Calculate the remainder when 1590288 is divided by 144435.
1503
What is the remainder when 334107 is divided by 3631?
55
Calculate the remainder when 71897546 is divided by 6578.
6
Calculate the remainder when 622651 is divided by 965.
226
Calculate the remainder when 777669 is divided by 1041.
42
What is the remainder when 36137611 is divided by 9034402?
3
What is the remainder when 133850 is divided by 66892?
66
What is the remainder when 22218 is divided by 2766?
90
What is the remainder when 21429325 is divided by 10714649?
27
What is the remainder when 302913 is divided by 131?
41
Calculate the remainder when 10498592 is divided by 2099707.
57
Calculate the remainder when 861546 is divided by 30763.
182
Calculate the remainder when 995347 is divided by 38.
13
What is the remainder when 42174414 is divided by 1234?
1230
Calculate the remainder when 280286 is divided by 199.
94
What is the remainder when 2242527 is divided by 111?
105
What is the remainder when 24173 is divided by 2800?
1773
Calculate the remainder when 494451 is divided by 14631.
11628
What is the remainder when 285702 is divided by 1171?
1149
What is the remainder when 5125857 is divided by 12?
9
What is the remainder when 1371930 is divided by 434?
56
Calculate the remainder when 134759 is divided by 973.
485
What is the remainder when 26714 is divided by 1525?
789
Calculate the remainder when 24616 is divided by 9869.
4878
What is the remainder when 1652390 is divided by 343?
159
What is the remainder when 429589 is divided by 1865?
639
Calculate the remainder when 14982731 is divided by 393.
392
What is the remainder when 1688536 is divided by 3241?
3216
What is the remainder when 141825 is divided by 32862?
10377
Calculate the remainder when 353996 is divided by 44190.
476
What is the remainder when 25319432 is divided by 1616?
1560
What is the remainder when 436428 is divided by 218143?
142
Calculate the remainder when 1402462 is divided by 4870.
4772
What is the remainder when 1139766 is divided by 228?
222
Calculate the remainder when 356542547 is divided by 182.
179
What is the remainder when 758635 is divided by 252873?
16
Calculate the remainder when 7163350 is divided by 51.
43
Calculate the remainder when 24215438 is divided by 24215436.
2
What is the remainder when 217741476 is divided by 399?
393
Calculate the remainder when 698153 is divided by 349053.
47
Calculate the remainder when 42471013 is divided by 6.
1
Calculate the remainder when 21772 is divided by 9448.
2876
What is the remainder when 53390832 is divided by 2315?
2302
Calculate the remainder when 183103 is divided by 4933.
582
What is the remainder when 418357 is divided by 1404?
1369
What is the remainder when 1706093 is divided by 646?
7
Calculate the remainder when 1052802 is divided by 365.
142
Calculate the remainder when 1316559 is divided by 197.
8
Calculate the remainder when 1551642 is divided by 805.
407
Calculate the remainder when 29549 is divided by 14716.
117
Calculate the remainder when 152569529 is divided by 1568.
1561
Calculate the remainder when 1479878 is divided by 17.
11
Calculate the remainder when 3471518 is divided by 925.
918
Calculate the remainder when 706495 is divided by 4360.
175
What is the remainder when 1886424 is divided by 50983?
53
What is the remainder when 49130848 is divided by 253?
19
What is the remainder when 1505484 is divided by 449?
436
Calculate the remainder when 3104482 is divided by 77609.
122
What is the remainder when 460569 is divided by 110?
109
Calculate the remainder when 10902009 is divided by 7.
6
Calculate the remainder when 124563 is divided by 129.
78
Calculate the remainder when 6864203 is divided by 442.
385
What is the remainder when 33283895 is divided by 2773657?
11
What is the remainder when 2112309 is divided by 86?
63
What is the remainder when 81922 is divided by 10206?
274
Calculate the remainder when 183414 is divided by 521.
22
Calculate the remainder when 1384142 is divided by 197657.
543
What is the remainder when 99980 is divided by 12440?
460
Calculate the remainder when 5140652 is divided by 1713505.
137
What is the remainder when 3385322 is divided by 1692628?
66
What is the remainder when 492827 is divided by 246?
89
Calculate the remainder when 157883014 is divided by 33.
25
What is the remainder when 12793458 is divided by 114?
36
Calculate the remainder when 9197767 is divided by 959.
957
Calculate the remainder when 7228772 is divided by 200799.
8
Calculate the remainder when 18601441 is divided by 3314.
3273
What is the remainder when 161358 is divided by 999?
519
What is the remainder when 35322659 is divided by 180?
179
Calculate the remainder when 26845 is divided by 6721.
6682
Calculate the remainder when 18922845 is divided by 1315.
1310
Calculate the remainder when 78675 is divided by 10439.
5602
What is the remainder when 12018401 is divided by 58?
47
Calculate the remainder when 33851739 is divided by 1237.
1234
Calculate the remainder when 46986 is divided by 15654.
24
What is the remainder when 52279198 is divided by 45?
43
Calculate the remainder when 3932811 is divided by 368.
363
What is the remainder when 1249709 is divided by 6312?
6245
Calculate the remainder when 34600502 is divided by 12.
2
What is the remainder when 512139 is divided by 512133?
6
Calculate the remainder when 173591 is divided by 57623.
722
What is the remainder when 1073889 is divided by 344?
265
What is the remainder when 7644839 is divided by 1003?
976
What is the remainder when 122225 is divided by 24253?
960
Calculate the remainder when 5130813 is divided by 65.
38
What is the remainder when 2996483 is divided by 567?
455
Calculate the remainder when 1138886 is divided by 321.
299
What is the remainder when 3897857 is divided by 779568?
17
Calculate the remainder when 462681 is divided by 724.
45
Calculate the remainder when 2350047 is divided by 335720.
7
Calculate the remainder when 18112670 is divided by 83.
78
What is the remainder when 3435787 is divided by 51280?
27
What is the remainder when 332846 is divided by 2373?
626
Calculate the remainder when 20411458 is divided by 2366.
2342
Calculate the remainder when 326654 is divided by 840.
734
Calculate the remainder when 3002054 is divided by 133.
111
What is the remainder when 172342 is divided by 2268?
2242
What is the remainder when 21706756 is divided by 3617791?
10
What is the remainder when 28109 is divided by 189?
137
What is the remainder when 64821 is divided by 1407?
99
What is the remainder when 16871 is divided by 1011?
695
Calculate the remainder when 219471 is divided by 3271.
314
Calculate the remainder when 362847 is divided by 1711.
115
Calculate the remainder when 129087990 is divided by 43029314.
48
Calculate the remainder when 8407865 is divided by 189.
11
What is the remainder when 138282 is divided by 5306?
326
What is the remainder when 57